{"id":1238,"date":"2024-01-23T16:34:54","date_gmt":"2024-01-23T16:34:54","guid":{"rendered":"https:\/\/tallerfloral.com.co\/?post_type=product&#038;p=1238"},"modified":"2025-10-23T20:07:45","modified_gmt":"2025-10-23T20:07:45","slug":"bouquet-flores-mixtas-bogota","status":"publish","type":"product","link":"https:\/\/shoppingfloral.com\/?product=bouquet-flores-mixtas-bogota","title":{"rendered":"Bouquet Fantas\u00eda Floral"},"content":{"rendered":"<p>Un bouquet lleno de color y alegr\u00eda, compuesto por lirios rosados, margaritas, claveles, rosas y flores mixtas seleccionadas. Su envoltura transl\u00facida con detalles blancos realza cada flor, convirti\u00e9ndolo en una opci\u00f3n perfecta para celebrar momentos especiales con estilo y frescura.<\/p>\n","protected":false},"excerpt":{"rendered":"<p>Sorprende con el bouquet de flores mixtas m\u00e1s alegre y sofisticado de Bogot\u00e1. Fantas\u00eda Floral es una explosi\u00f3n de color y frescura que transmite emoci\u00f3n, ideal para cumplea\u00f1os, aniversarios o agradecimientos especiales.<\/p>\n","protected":false},"featured_media":1581,"comment_status":"open","ping_status":"closed","template":"","meta":[],"product_brand":[],"product_cat":[17],"product_tag":[],"class_list":{"0":"post-1238","1":"product","2":"type-product","3":"status-publish","4":"has-post-thumbnail","6":"product_cat-ramos-de-flores","8":"first","9":"instock","10":"shipping-taxable","11":"purchasable","12":"product-type-simple"},"yoast_head":"<!-- This site is optimized with the Yoast SEO plugin v27.4 - https:\/\/yoast.com\/product\/yoast-seo-wordpress\/ -->\n<title>Bouquet Fantas\u00eda Floral - Shopping Floral<\/title>\n<meta name=\"description\" content=\"Elegancia en armon\u00eda. Descubre la frescura \u00fanica de nuestro ramo con margaritas blancas y astromelias. Una combinaci\u00f3n encantadora para iluminar cualquier ocasi\u00f3n.Sorprende con el bouquet de flores mixtas m\u00e1s alegre y sofisticado de Bogot\u00e1. Fantas\u00eda Floral es una explosi\u00f3n de color y frescura que transmite emoci\u00f3n, ideal para cumplea\u00f1os, aniversarios o agradecimientos especiales.\" \/>\n<meta name=\"robots\" content=\"index, follow, max-snippet:-1, max-image-preview:large, max-video-preview:-1\" \/>\n<link rel=\"canonical\" href=\"https:\/\/shoppingfloral.com\/?product=bouquet-flores-mixtas-bogota\" \/>\n<meta property=\"og:locale\" content=\"es_ES\" \/>\n<meta property=\"og:type\" content=\"article\" \/>\n<meta property=\"og:title\" content=\"Bouquet Fantas\u00eda Floral - Shopping Floral\" \/>\n<meta property=\"og:description\" content=\"Elegancia en armon\u00eda. Descubre la frescura \u00fanica de nuestro ramo con margaritas blancas y astromelias. Una combinaci\u00f3n encantadora para iluminar cualquier ocasi\u00f3n.Sorprende con el bouquet de flores mixtas m\u00e1s alegre y sofisticado de Bogot\u00e1. Fantas\u00eda Floral es una explosi\u00f3n de color y frescura que transmite emoci\u00f3n, ideal para cumplea\u00f1os, aniversarios o agradecimientos especiales.\" \/>\n<meta property=\"og:url\" content=\"https:\/\/shoppingfloral.com\/?product=bouquet-flores-mixtas-bogota\" \/>\n<meta property=\"og:site_name\" content=\"Shopping Floral\" \/>\n<meta property=\"article:modified_time\" content=\"2025-10-23T20:07:45+00:00\" \/>\n<meta property=\"og:image\" content=\"https:\/\/shoppingfloral.com\/wp-content\/uploads\/2025\/07\/WhatsApp_Image_2025-05-05_at_9.12.40_AM-removebg-preview.png\" \/>\n\t<meta property=\"og:image:width\" content=\"481\" \/>\n\t<meta property=\"og:image:height\" content=\"519\" \/>\n\t<meta property=\"og:image:type\" content=\"image\/png\" \/>\n<meta name=\"twitter:card\" content=\"summary_large_image\" \/>\n<meta name=\"twitter:label1\" content=\"Tiempo de lectura\" \/>\n\t<meta name=\"twitter:data1\" content=\"1 minuto\" \/>\n<script type=\"application\/ld+json\" class=\"yoast-schema-graph\">{\"@context\":\"https:\\\/\\\/schema.org\",\"@graph\":[{\"@type\":\"WebPage\",\"@id\":\"https:\\\/\\\/shoppingfloral.com\\\/?product=bouquet-flores-mixtas-bogota\",\"url\":\"https:\\\/\\\/shoppingfloral.com\\\/?product=bouquet-flores-mixtas-bogota\",\"name\":\"Bouquet Fantas\u00eda Floral - Shopping Floral\",\"isPartOf\":{\"@id\":\"https:\\\/\\\/shoppingfloral.com\\\/#website\"},\"primaryImageOfPage\":{\"@id\":\"https:\\\/\\\/shoppingfloral.com\\\/?product=bouquet-flores-mixtas-bogota#primaryimage\"},\"image\":{\"@id\":\"https:\\\/\\\/shoppingfloral.com\\\/?product=bouquet-flores-mixtas-bogota#primaryimage\"},\"thumbnailUrl\":\"https:\\\/\\\/shoppingfloral.com\\\/wp-content\\\/uploads\\\/2025\\\/07\\\/WhatsApp_Image_2025-05-05_at_9.12.40_AM-removebg-preview.png\",\"datePublished\":\"2024-01-23T16:34:54+00:00\",\"dateModified\":\"2025-10-23T20:07:45+00:00\",\"description\":\"Elegancia en armon\u00eda. Descubre la frescura \u00fanica de nuestro ramo con margaritas blancas y astromelias. Una combinaci\u00f3n encantadora para iluminar cualquier ocasi\u00f3n.Sorprende con el bouquet de flores mixtas m\u00e1s alegre y sofisticado de Bogot\u00e1. Fantas\u00eda Floral es una explosi\u00f3n de color y frescura que transmite emoci\u00f3n, ideal para cumplea\u00f1os, aniversarios o agradecimientos especiales.\",\"breadcrumb\":{\"@id\":\"https:\\\/\\\/shoppingfloral.com\\\/?product=bouquet-flores-mixtas-bogota#breadcrumb\"},\"inLanguage\":\"es-CO\",\"potentialAction\":[{\"@type\":\"ReadAction\",\"target\":[\"https:\\\/\\\/shoppingfloral.com\\\/?product=bouquet-flores-mixtas-bogota\"]}]},{\"@type\":\"ImageObject\",\"inLanguage\":\"es-CO\",\"@id\":\"https:\\\/\\\/shoppingfloral.com\\\/?product=bouquet-flores-mixtas-bogota#primaryimage\",\"url\":\"https:\\\/\\\/shoppingfloral.com\\\/wp-content\\\/uploads\\\/2025\\\/07\\\/WhatsApp_Image_2025-05-05_at_9.12.40_AM-removebg-preview.png\",\"contentUrl\":\"https:\\\/\\\/shoppingfloral.com\\\/wp-content\\\/uploads\\\/2025\\\/07\\\/WhatsApp_Image_2025-05-05_at_9.12.40_AM-removebg-preview.png\",\"width\":481,\"height\":519},{\"@type\":\"BreadcrumbList\",\"@id\":\"https:\\\/\\\/shoppingfloral.com\\\/?product=bouquet-flores-mixtas-bogota#breadcrumb\",\"itemListElement\":[{\"@type\":\"ListItem\",\"position\":1,\"name\":\"Inicio\",\"item\":\"https:\\\/\\\/shoppingfloral.com\\\/\"},{\"@type\":\"ListItem\",\"position\":2,\"name\":\"Shop\",\"item\":\"https:\\\/\\\/shoppingfloral.com\\\/?page_id=59\"},{\"@type\":\"ListItem\",\"position\":3,\"name\":\"Bouquet Fantas\u00eda Floral\"}]},{\"@type\":\"WebSite\",\"@id\":\"https:\\\/\\\/shoppingfloral.com\\\/#website\",\"url\":\"https:\\\/\\\/shoppingfloral.com\\\/\",\"name\":\"Shopping Floral\",\"description\":\"\",\"publisher\":{\"@id\":\"https:\\\/\\\/shoppingfloral.com\\\/#organization\"},\"potentialAction\":[{\"@type\":\"SearchAction\",\"target\":{\"@type\":\"EntryPoint\",\"urlTemplate\":\"https:\\\/\\\/shoppingfloral.com\\\/?s={search_term_string}\"},\"query-input\":{\"@type\":\"PropertyValueSpecification\",\"valueRequired\":true,\"valueName\":\"search_term_string\"}}],\"inLanguage\":\"es-CO\"},{\"@type\":\"Organization\",\"@id\":\"https:\\\/\\\/shoppingfloral.com\\\/#organization\",\"name\":\"Shopping Floral\",\"url\":\"https:\\\/\\\/shoppingfloral.com\\\/\",\"logo\":{\"@type\":\"ImageObject\",\"inLanguage\":\"es-CO\",\"@id\":\"https:\\\/\\\/shoppingfloral.com\\\/#\\\/schema\\\/logo\\\/image\\\/\",\"url\":\"https:\\\/\\\/shoppingfloral.com\\\/wp-content\\\/uploads\\\/2024\\\/01\\\/logo-taller-floral.jpeg\",\"contentUrl\":\"https:\\\/\\\/shoppingfloral.com\\\/wp-content\\\/uploads\\\/2024\\\/01\\\/logo-taller-floral.jpeg\",\"width\":502,\"height\":550,\"caption\":\"Shopping Floral\"},\"image\":{\"@id\":\"https:\\\/\\\/shoppingfloral.com\\\/#\\\/schema\\\/logo\\\/image\\\/\"}}]}<\/script>\n<!-- \/ Yoast SEO plugin. -->","yoast_head_json":{"title":"Bouquet Fantas\u00eda Floral - Shopping Floral","description":"Elegancia en armon\u00eda. Descubre la frescura \u00fanica de nuestro ramo con margaritas blancas y astromelias. Una combinaci\u00f3n encantadora para iluminar cualquier ocasi\u00f3n.Sorprende con el bouquet de flores mixtas m\u00e1s alegre y sofisticado de Bogot\u00e1. Fantas\u00eda Floral es una explosi\u00f3n de color y frescura que transmite emoci\u00f3n, ideal para cumplea\u00f1os, aniversarios o agradecimientos especiales.","robots":{"index":"index","follow":"follow","max-snippet":"max-snippet:-1","max-image-preview":"max-image-preview:large","max-video-preview":"max-video-preview:-1"},"canonical":"https:\/\/shoppingfloral.com\/?product=bouquet-flores-mixtas-bogota","og_locale":"es_ES","og_type":"article","og_title":"Bouquet Fantas\u00eda Floral - Shopping Floral","og_description":"Elegancia en armon\u00eda. Descubre la frescura \u00fanica de nuestro ramo con margaritas blancas y astromelias. Una combinaci\u00f3n encantadora para iluminar cualquier ocasi\u00f3n.Sorprende con el bouquet de flores mixtas m\u00e1s alegre y sofisticado de Bogot\u00e1. Fantas\u00eda Floral es una explosi\u00f3n de color y frescura que transmite emoci\u00f3n, ideal para cumplea\u00f1os, aniversarios o agradecimientos especiales.","og_url":"https:\/\/shoppingfloral.com\/?product=bouquet-flores-mixtas-bogota","og_site_name":"Shopping Floral","article_modified_time":"2025-10-23T20:07:45+00:00","og_image":[{"width":481,"height":519,"url":"https:\/\/shoppingfloral.com\/wp-content\/uploads\/2025\/07\/WhatsApp_Image_2025-05-05_at_9.12.40_AM-removebg-preview.png","type":"image\/png"}],"twitter_card":"summary_large_image","twitter_misc":{"Tiempo de lectura":"1 minuto"},"schema":{"@context":"https:\/\/schema.org","@graph":[{"@type":"WebPage","@id":"https:\/\/shoppingfloral.com\/?product=bouquet-flores-mixtas-bogota","url":"https:\/\/shoppingfloral.com\/?product=bouquet-flores-mixtas-bogota","name":"Bouquet Fantas\u00eda Floral - Shopping Floral","isPartOf":{"@id":"https:\/\/shoppingfloral.com\/#website"},"primaryImageOfPage":{"@id":"https:\/\/shoppingfloral.com\/?product=bouquet-flores-mixtas-bogota#primaryimage"},"image":{"@id":"https:\/\/shoppingfloral.com\/?product=bouquet-flores-mixtas-bogota#primaryimage"},"thumbnailUrl":"https:\/\/shoppingfloral.com\/wp-content\/uploads\/2025\/07\/WhatsApp_Image_2025-05-05_at_9.12.40_AM-removebg-preview.png","datePublished":"2024-01-23T16:34:54+00:00","dateModified":"2025-10-23T20:07:45+00:00","description":"Elegancia en armon\u00eda. Descubre la frescura \u00fanica de nuestro ramo con margaritas blancas y astromelias. Una combinaci\u00f3n encantadora para iluminar cualquier ocasi\u00f3n.Sorprende con el bouquet de flores mixtas m\u00e1s alegre y sofisticado de Bogot\u00e1. Fantas\u00eda Floral es una explosi\u00f3n de color y frescura que transmite emoci\u00f3n, ideal para cumplea\u00f1os, aniversarios o agradecimientos especiales.","breadcrumb":{"@id":"https:\/\/shoppingfloral.com\/?product=bouquet-flores-mixtas-bogota#breadcrumb"},"inLanguage":"es-CO","potentialAction":[{"@type":"ReadAction","target":["https:\/\/shoppingfloral.com\/?product=bouquet-flores-mixtas-bogota"]}]},{"@type":"ImageObject","inLanguage":"es-CO","@id":"https:\/\/shoppingfloral.com\/?product=bouquet-flores-mixtas-bogota#primaryimage","url":"https:\/\/shoppingfloral.com\/wp-content\/uploads\/2025\/07\/WhatsApp_Image_2025-05-05_at_9.12.40_AM-removebg-preview.png","contentUrl":"https:\/\/shoppingfloral.com\/wp-content\/uploads\/2025\/07\/WhatsApp_Image_2025-05-05_at_9.12.40_AM-removebg-preview.png","width":481,"height":519},{"@type":"BreadcrumbList","@id":"https:\/\/shoppingfloral.com\/?product=bouquet-flores-mixtas-bogota#breadcrumb","itemListElement":[{"@type":"ListItem","position":1,"name":"Inicio","item":"https:\/\/shoppingfloral.com\/"},{"@type":"ListItem","position":2,"name":"Shop","item":"https:\/\/shoppingfloral.com\/?page_id=59"},{"@type":"ListItem","position":3,"name":"Bouquet Fantas\u00eda Floral"}]},{"@type":"WebSite","@id":"https:\/\/shoppingfloral.com\/#website","url":"https:\/\/shoppingfloral.com\/","name":"Shopping Floral","description":"","publisher":{"@id":"https:\/\/shoppingfloral.com\/#organization"},"potentialAction":[{"@type":"SearchAction","target":{"@type":"EntryPoint","urlTemplate":"https:\/\/shoppingfloral.com\/?s={search_term_string}"},"query-input":{"@type":"PropertyValueSpecification","valueRequired":true,"valueName":"search_term_string"}}],"inLanguage":"es-CO"},{"@type":"Organization","@id":"https:\/\/shoppingfloral.com\/#organization","name":"Shopping Floral","url":"https:\/\/shoppingfloral.com\/","logo":{"@type":"ImageObject","inLanguage":"es-CO","@id":"https:\/\/shoppingfloral.com\/#\/schema\/logo\/image\/","url":"https:\/\/shoppingfloral.com\/wp-content\/uploads\/2024\/01\/logo-taller-floral.jpeg","contentUrl":"https:\/\/shoppingfloral.com\/wp-content\/uploads\/2024\/01\/logo-taller-floral.jpeg","width":502,"height":550,"caption":"Shopping Floral"},"image":{"@id":"https:\/\/shoppingfloral.com\/#\/schema\/logo\/image\/"}}]}},"jetpack_sharing_enabled":true,"_links":{"self":[{"href":"https:\/\/shoppingfloral.com\/index.php?rest_route=\/wp\/v2\/product\/1238","targetHints":{"allow":["GET"]}}],"collection":[{"href":"https:\/\/shoppingfloral.com\/index.php?rest_route=\/wp\/v2\/product"}],"about":[{"href":"https:\/\/shoppingfloral.com\/index.php?rest_route=\/wp\/v2\/types\/product"}],"replies":[{"embeddable":true,"href":"https:\/\/shoppingfloral.com\/index.php?rest_route=%2Fwp%2Fv2%2Fcomments&post=1238"}],"wp:featuredmedia":[{"embeddable":true,"href":"https:\/\/shoppingfloral.com\/index.php?rest_route=\/wp\/v2\/media\/1581"}],"wp:attachment":[{"href":"https:\/\/shoppingfloral.com\/index.php?rest_route=%2Fwp%2Fv2%2Fmedia&parent=1238"}],"wp:term":[{"taxonomy":"product_brand","embeddable":true,"href":"https:\/\/shoppingfloral.com\/index.php?rest_route=%2Fwp%2Fv2%2Fproduct_brand&post=1238"},{"taxonomy":"product_cat","embeddable":true,"href":"https:\/\/shoppingfloral.com\/index.php?rest_route=%2Fwp%2Fv2%2Fproduct_cat&post=1238"},{"taxonomy":"product_tag","embeddable":true,"href":"https:\/\/shoppingfloral.com\/index.php?rest_route=%2Fwp%2Fv2%2Fproduct_tag&post=1238"}],"curies":[{"name":"wp","href":"https:\/\/api.w.org\/{rel}","templated":true}]}}