{"id":1586,"date":"2025-12-22T15:38:23","date_gmt":"2025-12-22T15:38:23","guid":{"rendered":"https:\/\/shoppingfloral.com\/?post_type=product&#038;p=1586"},"modified":"2025-12-22T15:38:23","modified_gmt":"2025-12-22T15:38:23","slug":"caja-floral-encanto-rose","status":"publish","type":"product","link":"https:\/\/shoppingfloral.com\/?product=caja-floral-encanto-rose","title":{"rendered":"Caja Floral Encanto Ros\u00e9"},"content":{"rendered":"<p data-start=\"5493\" data-end=\"5798\"><strong data-start=\"5493\" data-end=\"5543\">Un detalle que se nota desde el primer vistazo<\/strong><br data-start=\"5543\" data-end=\"5546\" \/>La <strong data-start=\"5549\" data-end=\"5577\">Caja Floral Encanto Ros\u00e9<\/strong> combina una paleta de rosas intensos y suaves para lograr un arreglo rom\u00e1ntico y sofisticado. Es el tipo de regalo que ilumina cualquier espacio: abundante, armonioso y con una presentaci\u00f3n impecable lista para entregar.<\/p>\n<p data-start=\"5800\" data-end=\"5817\"><strong data-start=\"5800\" data-end=\"5815\">Qu\u00e9 incluye<\/strong><\/p>\n<ul data-start=\"5818\" data-end=\"6132\">\n<li data-start=\"5818\" data-end=\"5865\">\n<p data-start=\"5820\" data-end=\"5865\">Flores principales: <strong data-start=\"5840\" data-end=\"5863\">rosas en tonos rosa<\/strong><\/p>\n<\/li>\n<li data-start=\"5866\" data-end=\"5955\">\n<p data-start=\"5868\" data-end=\"5955\">Complementos: <strong data-start=\"5882\" data-end=\"5916\">claveles y flores de temporada<\/strong> (pueden variar seg\u00fan disponibilidad)<\/p>\n<\/li>\n<li data-start=\"5956\" data-end=\"6003\">\n<p data-start=\"5958\" data-end=\"6003\">Follaje: <strong data-start=\"5967\" data-end=\"6001\">eucalipto y verdes decorativos<\/strong><\/p>\n<\/li>\n<li data-start=\"6004\" data-end=\"6065\">\n<p data-start=\"6006\" data-end=\"6065\">Presentaci\u00f3n: <strong data-start=\"6020\" data-end=\"6063\">caja cil\u00edndrica tipo hat box con list\u00f3n<\/strong><\/p>\n<\/li>\n<li data-start=\"6066\" data-end=\"6132\">\n<p data-start=\"6068\" data-end=\"6132\">Tarjeta con mensaje: <strong data-start=\"6089\" data-end=\"6112\">opcional \/ incluida<\/strong> (seg\u00fan tu pol\u00edtica)<\/p>\n<\/li>\n<\/ul>\n<p data-start=\"6134\" data-end=\"6326\"><strong data-start=\"6134\" data-end=\"6156\">Tama\u00f1o y presencia<\/strong><br data-start=\"6156\" data-end=\"6159\" \/>Arreglo de presencia media\u2013alta, ideal para mesa principal, recibidor u oficina.<br data-start=\"6239\" data-end=\"6242\" \/>Medidas aproximadas: <strong data-start=\"6263\" data-end=\"6283\">[alto] x [ancho]<\/strong> (aj\u00fastalo cuando me indiques tama\u00f1o real).<\/p>\n<p data-start=\"6328\" data-end=\"6360\"><strong data-start=\"6328\" data-end=\"6358\">Cuidados para que dure m\u00e1s<\/strong><\/p>\n<ul data-start=\"6361\" data-end=\"6661\">\n<li data-start=\"6361\" data-end=\"6436\">\n<p data-start=\"6363\" data-end=\"6436\">Col\u00f3cala en un lugar fresco, lejos de sol directo y corrientes de aire.<\/p>\n<\/li>\n<li data-start=\"6437\" data-end=\"6537\">\n<p data-start=\"6439\" data-end=\"6537\">Si tu arreglo lleva base hidratada, agrega peque\u00f1as cantidades de agua cada d\u00eda (sin encharcar).<\/p>\n<\/li>\n<li data-start=\"6538\" data-end=\"6592\">\n<p data-start=\"6540\" data-end=\"6592\">Evita tocar p\u00e9talos con manos h\u00famedas o con crema.<\/p>\n<\/li>\n<li data-start=\"6593\" data-end=\"6661\">\n<p data-start=\"6595\" data-end=\"6661\">Retira flores que se marchiten para mantener el arreglo impecable.<\/p>\n<\/li>\n<\/ul>\n<p data-start=\"6663\" data-end=\"6918\"><strong data-start=\"6663\" data-end=\"6690\">Entrega y sustituciones<\/strong><br data-start=\"6690\" data-end=\"6693\" \/>Trabajamos con flor fresca y disponibilidad diaria; por eso, algunas variedades pueden cambiar. <strong data-start=\"6789\" data-end=\"6855\">Siempre respetamos la gama de color, estilo y valor del dise\u00f1o<\/strong> para que el resultado se vea igual de elegante que en la foto.<\/p>\n","protected":false},"excerpt":{"rendered":"<p>Arreglo floral en caja en tonos rosados con rosas, claveles y flores de temporada, acompa\u00f1ado de eucalipto. Presentaci\u00f3n elegante con list\u00f3n, ideal para cumplea\u00f1os, aniversario o un \u201cpens\u00e9 en ti\u201d.<\/p>\n","protected":false},"featured_media":1587,"comment_status":"open","ping_status":"closed","template":"","meta":[],"product_brand":[],"product_cat":[17],"product_tag":[34,29,35,36,30,33,32,31],"class_list":{"0":"post-1586","1":"product","2":"type-product","3":"status-publish","4":"has-post-thumbnail","6":"product_cat-ramos-de-flores","7":"product_tag-aniversario","8":"product_tag-arreglos-en-caja","9":"product_tag-cumpleanos","10":"product_tag-eucalipto","11":"product_tag-flores-rosas","12":"product_tag-regalo","13":"product_tag-romantico","14":"product_tag-rosas","16":"first","17":"instock","18":"sale","19":"shipping-taxable","20":"purchasable","21":"product-type-simple"},"yoast_head":"<!-- This site is optimized with the Yoast SEO plugin v27.4 - https:\/\/yoast.com\/product\/yoast-seo-wordpress\/ -->\n<title>Caja Floral Encanto Ros\u00e9 - Shopping Floral arreglo-floral-en-caja-rosa-encanto<\/title>\n<meta name=\"description\" content=\"Arreglo floral en caja en tonos rosas con rosas, claveles y eucalipto, presentado en caja elegante con list\u00f3n. Ideal para cumplea\u00f1os y aniversario.\" \/>\n<meta name=\"robots\" content=\"index, follow, max-snippet:-1, max-image-preview:large, max-video-preview:-1\" \/>\n<link rel=\"canonical\" href=\"https:\/\/shoppingfloral.com\/?product=caja-floral-encanto-rose\" \/>\n<meta property=\"og:locale\" content=\"es_ES\" \/>\n<meta property=\"og:type\" content=\"article\" \/>\n<meta property=\"og:title\" content=\"Caja Floral Encanto Ros\u00e9 - Shopping Floral arreglo-floral-en-caja-rosa-encanto\" \/>\n<meta property=\"og:description\" content=\"Arreglo floral en caja en tonos rosas con rosas, claveles y eucalipto, presentado en caja elegante con list\u00f3n. Ideal para cumplea\u00f1os y aniversario.\" \/>\n<meta property=\"og:url\" content=\"https:\/\/shoppingfloral.com\/?product=caja-floral-encanto-rose\" \/>\n<meta property=\"og:site_name\" content=\"Shopping Floral\" \/>\n<meta property=\"og:image\" content=\"https:\/\/shoppingfloral.com\/wp-content\/uploads\/2025\/12\/producto46.png\" \/>\n\t<meta property=\"og:image:width\" content=\"433\" \/>\n\t<meta property=\"og:image:height\" content=\"498\" \/>\n\t<meta property=\"og:image:type\" content=\"image\/png\" \/>\n<meta name=\"twitter:card\" content=\"summary_large_image\" \/>\n<meta name=\"twitter:label1\" content=\"Tiempo de lectura\" \/>\n\t<meta name=\"twitter:data1\" content=\"2 minutos\" \/>\n<script type=\"application\/ld+json\" class=\"yoast-schema-graph\">{\"@context\":\"https:\\\/\\\/schema.org\",\"@graph\":[{\"@type\":\"WebPage\",\"@id\":\"https:\\\/\\\/shoppingfloral.com\\\/?product=caja-floral-encanto-rose\",\"url\":\"https:\\\/\\\/shoppingfloral.com\\\/?product=caja-floral-encanto-rose\",\"name\":\"Caja Floral Encanto Ros\u00e9 - Shopping Floral arreglo-floral-en-caja-rosa-encanto\",\"isPartOf\":{\"@id\":\"https:\\\/\\\/shoppingfloral.com\\\/#website\"},\"primaryImageOfPage\":{\"@id\":\"https:\\\/\\\/shoppingfloral.com\\\/?product=caja-floral-encanto-rose#primaryimage\"},\"image\":{\"@id\":\"https:\\\/\\\/shoppingfloral.com\\\/?product=caja-floral-encanto-rose#primaryimage\"},\"thumbnailUrl\":\"https:\\\/\\\/shoppingfloral.com\\\/wp-content\\\/uploads\\\/2025\\\/12\\\/producto46.png\",\"datePublished\":\"2025-12-22T15:38:23+00:00\",\"description\":\"Arreglo floral en caja en tonos rosas con rosas, claveles y eucalipto, presentado en caja elegante con list\u00f3n. Ideal para cumplea\u00f1os y aniversario.\",\"breadcrumb\":{\"@id\":\"https:\\\/\\\/shoppingfloral.com\\\/?product=caja-floral-encanto-rose#breadcrumb\"},\"inLanguage\":\"es-CO\",\"potentialAction\":[{\"@type\":\"ReadAction\",\"target\":[\"https:\\\/\\\/shoppingfloral.com\\\/?product=caja-floral-encanto-rose\"]}]},{\"@type\":\"ImageObject\",\"inLanguage\":\"es-CO\",\"@id\":\"https:\\\/\\\/shoppingfloral.com\\\/?product=caja-floral-encanto-rose#primaryimage\",\"url\":\"https:\\\/\\\/shoppingfloral.com\\\/wp-content\\\/uploads\\\/2025\\\/12\\\/producto46.png\",\"contentUrl\":\"https:\\\/\\\/shoppingfloral.com\\\/wp-content\\\/uploads\\\/2025\\\/12\\\/producto46.png\",\"width\":433,\"height\":498},{\"@type\":\"BreadcrumbList\",\"@id\":\"https:\\\/\\\/shoppingfloral.com\\\/?product=caja-floral-encanto-rose#breadcrumb\",\"itemListElement\":[{\"@type\":\"ListItem\",\"position\":1,\"name\":\"Inicio\",\"item\":\"https:\\\/\\\/shoppingfloral.com\\\/\"},{\"@type\":\"ListItem\",\"position\":2,\"name\":\"Shop\",\"item\":\"https:\\\/\\\/shoppingfloral.com\\\/?page_id=59\"},{\"@type\":\"ListItem\",\"position\":3,\"name\":\"Caja Floral Encanto Ros\u00e9\"}]},{\"@type\":\"WebSite\",\"@id\":\"https:\\\/\\\/shoppingfloral.com\\\/#website\",\"url\":\"https:\\\/\\\/shoppingfloral.com\\\/\",\"name\":\"Shopping Floral\",\"description\":\"\",\"publisher\":{\"@id\":\"https:\\\/\\\/shoppingfloral.com\\\/#organization\"},\"potentialAction\":[{\"@type\":\"SearchAction\",\"target\":{\"@type\":\"EntryPoint\",\"urlTemplate\":\"https:\\\/\\\/shoppingfloral.com\\\/?s={search_term_string}\"},\"query-input\":{\"@type\":\"PropertyValueSpecification\",\"valueRequired\":true,\"valueName\":\"search_term_string\"}}],\"inLanguage\":\"es-CO\"},{\"@type\":\"Organization\",\"@id\":\"https:\\\/\\\/shoppingfloral.com\\\/#organization\",\"name\":\"Shopping Floral\",\"url\":\"https:\\\/\\\/shoppingfloral.com\\\/\",\"logo\":{\"@type\":\"ImageObject\",\"inLanguage\":\"es-CO\",\"@id\":\"https:\\\/\\\/shoppingfloral.com\\\/#\\\/schema\\\/logo\\\/image\\\/\",\"url\":\"https:\\\/\\\/shoppingfloral.com\\\/wp-content\\\/uploads\\\/2024\\\/01\\\/logo-taller-floral.jpeg\",\"contentUrl\":\"https:\\\/\\\/shoppingfloral.com\\\/wp-content\\\/uploads\\\/2024\\\/01\\\/logo-taller-floral.jpeg\",\"width\":502,\"height\":550,\"caption\":\"Shopping Floral\"},\"image\":{\"@id\":\"https:\\\/\\\/shoppingfloral.com\\\/#\\\/schema\\\/logo\\\/image\\\/\"}}]}<\/script>\n<!-- \/ Yoast SEO plugin. -->","yoast_head_json":{"title":"Caja Floral Encanto Ros\u00e9 - Shopping Floral arreglo-floral-en-caja-rosa-encanto","description":"Arreglo floral en caja en tonos rosas con rosas, claveles y eucalipto, presentado en caja elegante con list\u00f3n. Ideal para cumplea\u00f1os y aniversario.","robots":{"index":"index","follow":"follow","max-snippet":"max-snippet:-1","max-image-preview":"max-image-preview:large","max-video-preview":"max-video-preview:-1"},"canonical":"https:\/\/shoppingfloral.com\/?product=caja-floral-encanto-rose","og_locale":"es_ES","og_type":"article","og_title":"Caja Floral Encanto Ros\u00e9 - Shopping Floral arreglo-floral-en-caja-rosa-encanto","og_description":"Arreglo floral en caja en tonos rosas con rosas, claveles y eucalipto, presentado en caja elegante con list\u00f3n. Ideal para cumplea\u00f1os y aniversario.","og_url":"https:\/\/shoppingfloral.com\/?product=caja-floral-encanto-rose","og_site_name":"Shopping Floral","og_image":[{"width":433,"height":498,"url":"https:\/\/shoppingfloral.com\/wp-content\/uploads\/2025\/12\/producto46.png","type":"image\/png"}],"twitter_card":"summary_large_image","twitter_misc":{"Tiempo de lectura":"2 minutos"},"schema":{"@context":"https:\/\/schema.org","@graph":[{"@type":"WebPage","@id":"https:\/\/shoppingfloral.com\/?product=caja-floral-encanto-rose","url":"https:\/\/shoppingfloral.com\/?product=caja-floral-encanto-rose","name":"Caja Floral Encanto Ros\u00e9 - Shopping Floral arreglo-floral-en-caja-rosa-encanto","isPartOf":{"@id":"https:\/\/shoppingfloral.com\/#website"},"primaryImageOfPage":{"@id":"https:\/\/shoppingfloral.com\/?product=caja-floral-encanto-rose#primaryimage"},"image":{"@id":"https:\/\/shoppingfloral.com\/?product=caja-floral-encanto-rose#primaryimage"},"thumbnailUrl":"https:\/\/shoppingfloral.com\/wp-content\/uploads\/2025\/12\/producto46.png","datePublished":"2025-12-22T15:38:23+00:00","description":"Arreglo floral en caja en tonos rosas con rosas, claveles y eucalipto, presentado en caja elegante con list\u00f3n. Ideal para cumplea\u00f1os y aniversario.","breadcrumb":{"@id":"https:\/\/shoppingfloral.com\/?product=caja-floral-encanto-rose#breadcrumb"},"inLanguage":"es-CO","potentialAction":[{"@type":"ReadAction","target":["https:\/\/shoppingfloral.com\/?product=caja-floral-encanto-rose"]}]},{"@type":"ImageObject","inLanguage":"es-CO","@id":"https:\/\/shoppingfloral.com\/?product=caja-floral-encanto-rose#primaryimage","url":"https:\/\/shoppingfloral.com\/wp-content\/uploads\/2025\/12\/producto46.png","contentUrl":"https:\/\/shoppingfloral.com\/wp-content\/uploads\/2025\/12\/producto46.png","width":433,"height":498},{"@type":"BreadcrumbList","@id":"https:\/\/shoppingfloral.com\/?product=caja-floral-encanto-rose#breadcrumb","itemListElement":[{"@type":"ListItem","position":1,"name":"Inicio","item":"https:\/\/shoppingfloral.com\/"},{"@type":"ListItem","position":2,"name":"Shop","item":"https:\/\/shoppingfloral.com\/?page_id=59"},{"@type":"ListItem","position":3,"name":"Caja Floral Encanto Ros\u00e9"}]},{"@type":"WebSite","@id":"https:\/\/shoppingfloral.com\/#website","url":"https:\/\/shoppingfloral.com\/","name":"Shopping Floral","description":"","publisher":{"@id":"https:\/\/shoppingfloral.com\/#organization"},"potentialAction":[{"@type":"SearchAction","target":{"@type":"EntryPoint","urlTemplate":"https:\/\/shoppingfloral.com\/?s={search_term_string}"},"query-input":{"@type":"PropertyValueSpecification","valueRequired":true,"valueName":"search_term_string"}}],"inLanguage":"es-CO"},{"@type":"Organization","@id":"https:\/\/shoppingfloral.com\/#organization","name":"Shopping Floral","url":"https:\/\/shoppingfloral.com\/","logo":{"@type":"ImageObject","inLanguage":"es-CO","@id":"https:\/\/shoppingfloral.com\/#\/schema\/logo\/image\/","url":"https:\/\/shoppingfloral.com\/wp-content\/uploads\/2024\/01\/logo-taller-floral.jpeg","contentUrl":"https:\/\/shoppingfloral.com\/wp-content\/uploads\/2024\/01\/logo-taller-floral.jpeg","width":502,"height":550,"caption":"Shopping Floral"},"image":{"@id":"https:\/\/shoppingfloral.com\/#\/schema\/logo\/image\/"}}]}},"jetpack_sharing_enabled":true,"_links":{"self":[{"href":"https:\/\/shoppingfloral.com\/index.php?rest_route=\/wp\/v2\/product\/1586","targetHints":{"allow":["GET"]}}],"collection":[{"href":"https:\/\/shoppingfloral.com\/index.php?rest_route=\/wp\/v2\/product"}],"about":[{"href":"https:\/\/shoppingfloral.com\/index.php?rest_route=\/wp\/v2\/types\/product"}],"replies":[{"embeddable":true,"href":"https:\/\/shoppingfloral.com\/index.php?rest_route=%2Fwp%2Fv2%2Fcomments&post=1586"}],"wp:featuredmedia":[{"embeddable":true,"href":"https:\/\/shoppingfloral.com\/index.php?rest_route=\/wp\/v2\/media\/1587"}],"wp:attachment":[{"href":"https:\/\/shoppingfloral.com\/index.php?rest_route=%2Fwp%2Fv2%2Fmedia&parent=1586"}],"wp:term":[{"taxonomy":"product_brand","embeddable":true,"href":"https:\/\/shoppingfloral.com\/index.php?rest_route=%2Fwp%2Fv2%2Fproduct_brand&post=1586"},{"taxonomy":"product_cat","embeddable":true,"href":"https:\/\/shoppingfloral.com\/index.php?rest_route=%2Fwp%2Fv2%2Fproduct_cat&post=1586"},{"taxonomy":"product_tag","embeddable":true,"href":"https:\/\/shoppingfloral.com\/index.php?rest_route=%2Fwp%2Fv2%2Fproduct_tag&post=1586"}],"curies":[{"name":"wp","href":"https:\/\/api.w.org\/{rel}","templated":true}]}}